{"id":132,"date":"2025-04-07T04:30:39","date_gmt":"2025-04-07T04:30:39","guid":{"rendered":"https:\/\/crenfcp.edu.mx\/web\/?page_id=132"},"modified":"2025-04-08T03:22:39","modified_gmt":"2025-04-08T03:22:39","slug":"directorio","status":"publish","type":"page","link":"https:\/\/crenfcp.edu.mx\/web\/directorio\/","title":{"rendered":"Directorio"},"content":{"rendered":"\n<h2>Directiva<\/h2>\n\n\n\n<p><strong>William Miguel Gonz\u00e1lez Rodr\u00edguez<\/strong><br><em>Director<\/em><br><i class=\"fa-solid fa-envelope\" aria-hidden=\"true\"><\/i><a style=\"font-size: revert;\" href=\"mailto:direccion@crenfcp.edu.mx\" title=\"\">direccion@crenfcp.edu.mx<\/a><\/p>\n\n\n\n<p><strong>Edwin Am\u00edlcar Palomo Sulub<\/strong><br><em>Subdirector Acad\u00e9mico<\/em><br><i class=\"fa-solid fa-envelope\" aria-hidden=\"true\"><\/i><a style=\"font-size: revert;\" href=\"mailto:subdireccion.academica@crenfcp.edu.mx\" title=\"\">subdireccion.academica@crenfcp.edu.mx<\/a><\/p>\n\n\n\n<p><strong>Luis Eduardo Quintal Rivero<\/strong><br><em>Subdirector Administrativo<\/em><br><i class=\"fa-solid fa-envelope\" aria-hidden=\"true\"><\/i><a href=\"mailto:subdireccion.administrativa@crenfcp.edu.mx\" title=\"\">subdireccion.administrativa@crenfcp.edu.mx<\/a><\/p>\n\n\n\n<h2>\u00c1reas sustantivas<\/h2>\n\n\n\n<div class=\"wp-block-group is-layout-constrained wp-block-group-is-layout-constrained\">\n<p><strong>Ariadna Jhozelyn Ancona V\u00e1zquez<\/strong><br><em>\u00c1rea de Docencia<\/em><br><i class=\"fa-solid fa-envelope\" aria-hidden=\"true\"><\/i><a href=\"mailto:docencia@crenfcp.edu.mx\" title=\"\">docencia@crenfcp.edu.mx<\/a><\/p>\n\n\n\n<p><strong>Eduardo Ariel Herrera \u00c1vila<\/strong><br><em>\u00c1rea de Investigaci\u00f3n<\/em><br><i class=\"fa-solid fa-envelope\" aria-hidden=\"true\"><\/i><a href=\"mailto:investigacion@crenfcp.edu.mx\" title=\"\">investigacion@crenfcp.edu.mx<\/a><\/p>\n\n\n\n<p><strong>Gabriela S\u00e1nchez Mart\u00edn<\/strong><br><em>\u00c1rea de Difusi\u00f3n<\/em><br><i class=\"fa-solid fa-envelope\" aria-hidden=\"true\"><\/i><a href=\"mailto:difusion@crenfcp.edu.mx\" title=\"\">difusion@crenfcp.edu.mx<\/a><\/p>\n\n\n\n<h2>Oficinas<\/h2>\n\n\n\n<p><strong>Leydi Yolanda Chan Tun<\/strong><br><em>Control Escolar<\/em><br><i class=\"fa-solid fa-envelope\" aria-hidden=\"true\"><\/i><a href=\"mailto:control.escolar@crenfcp.edu.mx\" title=\"\">control.escolar<\/a><a href=\"mailto:docencia@crenfcp.edu.mx\" title=\"\">@crenfcp.edu.mx<\/a><\/p>\n\n\n\n<p><strong>Sara Antonia G\u00f3mez Mis<\/strong><br><em>Finanzas<\/em><br><i class=\"fa-solid fa-envelope\" aria-hidden=\"true\"><\/i><a href=\"mailto:recursos.financieros@crenfcp.edu.mx\" title=\"\">recursos.financieros@crenfcp.edu.mx<\/a><\/p>\n<\/div>\n\n\n\n<p><\/p>\n","protected":false},"excerpt":{"rendered":"<p>Directiva William Miguel Gonz\u00e1lez Rodr\u00edguezDirectordireccion@crenfcp.edu.mx Edwin Am\u00edlcar Palomo SulubSubdirector Acad\u00e9micosubdireccion.academica@crenfcp.edu.mx Luis Eduardo Quintal RiveroSubdirector Administrativosubdireccion.administrativa@crenfcp.edu.mx \u00c1reas sustantivas Ariadna Jhozelyn Ancona V\u00e1zquez\u00c1rea de Docenciadocencia@crenfcp.edu.mx Eduardo Ariel Herrera \u00c1vila\u00c1rea de Investigaci\u00f3ninvestigacion@crenfcp.edu.mx Gabriela S\u00e1nchez Mart\u00edn\u00c1rea de Difusi\u00f3ndifusion@crenfcp.edu.mx Oficinas Leydi Yolanda Chan TunControl Escolarcontrol.escolar@crenfcp.edu.mx Sara Antonia G\u00f3mez MisFinanzasrecursos.financieros@crenfcp.edu.mx<\/p>\n","protected":false},"author":1,"featured_media":0,"parent":0,"menu_order":0,"comment_status":"closed","ping_status":"closed","template":"","meta":{"_uf_show_specific_survey":0,"_uf_disable_surveys":false,"vkexunit_cta_each_option":"","footnotes":""},"class_list":["post-132","page","type-page","status-publish","hentry"],"aioseo_notices":[],"_links":{"self":[{"href":"https:\/\/crenfcp.edu.mx\/web\/wp-json\/wp\/v2\/pages\/132","targetHints":{"allow":["GET"]}}],"collection":[{"href":"https:\/\/crenfcp.edu.mx\/web\/wp-json\/wp\/v2\/pages"}],"about":[{"href":"https:\/\/crenfcp.edu.mx\/web\/wp-json\/wp\/v2\/types\/page"}],"author":[{"embeddable":true,"href":"https:\/\/crenfcp.edu.mx\/web\/wp-json\/wp\/v2\/users\/1"}],"replies":[{"embeddable":true,"href":"https:\/\/crenfcp.edu.mx\/web\/wp-json\/wp\/v2\/comments?post=132"}],"version-history":[{"count":18,"href":"https:\/\/crenfcp.edu.mx\/web\/wp-json\/wp\/v2\/pages\/132\/revisions"}],"predecessor-version":[{"id":202,"href":"https:\/\/crenfcp.edu.mx\/web\/wp-json\/wp\/v2\/pages\/132\/revisions\/202"}],"wp:attachment":[{"href":"https:\/\/crenfcp.edu.mx\/web\/wp-json\/wp\/v2\/media?parent=132"}],"curies":[{"name":"wp","href":"https:\/\/api.w.org\/{rel}","templated":true}]}}

<h2>Directiva</h2>



<p><strong>William Miguel González Rodríguez</strong><br><em>Director</em><br><i class="fa-solid fa-envelope" aria-hidden="true"></i><a style="font-size: revert;" href="mailto:direccion@crenfcp.edu.mx" title="">direccion@crenfcp.edu.mx</a></p>



<p><strong>Edwin Amílcar Palomo Sulub</strong><br><em>Subdirector Académico</em><br><i class="fa-solid fa-envelope" aria-hidden="true"></i><a style="font-size: revert;" href="mailto:subdireccion.academica@crenfcp.edu.mx" title="">subdireccion.academica@crenfcp.edu.mx</a></p>



<p><strong>Luis Eduardo Quintal Rivero</strong><br><em>Subdirector Administrativo</em><br><i class="fa-solid fa-envelope" aria-hidden="true"></i><a href="mailto:subdireccion.administrativa@crenfcp.edu.mx" title="">subdireccion.administrativa@crenfcp.edu.mx</a></p>



<h2>Áreas sustantivas</h2>



<div class="wp-block-group is-layout-constrained wp-block-group-is-layout-constrained">
<p><strong>Ariadna Jhozelyn Ancona Vázquez</strong><br><em>Área de Docencia</em><br><i class="fa-solid fa-envelope" aria-hidden="true"></i><a href="mailto:docencia@crenfcp.edu.mx" title="">docencia@crenfcp.edu.mx</a></p>



<p><strong>Eduardo Ariel Herrera Ávila</strong><br><em>Área de Investigación</em><br><i class="fa-solid fa-envelope" aria-hidden="true"></i><a href="mailto:investigacion@crenfcp.edu.mx" title="">investigacion@crenfcp.edu.mx</a></p>



<p><strong>Gabriela Sánchez Martín</strong><br><em>Área de Difusión</em><br><i class="fa-solid fa-envelope" aria-hidden="true"></i><a href="mailto:difusion@crenfcp.edu.mx" title="">difusion@crenfcp.edu.mx</a></p>



<h2>Oficinas</h2>



<p><strong>Leydi Yolanda Chan Tun</strong><br><em>Control Escolar</em><br><i class="fa-solid fa-envelope" aria-hidden="true"></i><a href="mailto:control.escolar@crenfcp.edu.mx" title="">control.escolar</a><a href="mailto:docencia@crenfcp.edu.mx" title="">@crenfcp.edu.mx</a></p>



<p><strong>Sara Antonia Gómez Mis</strong><br><em>Finanzas</em><br><i class="fa-solid fa-envelope" aria-hidden="true"></i><a href="mailto:recursos.financieros@crenfcp.edu.mx" title="">recursos.financieros@crenfcp.edu.mx</a></p>
</div>



<p></p>

<p>Directiva William Miguel González RodríguezDirectordireccion@crenfcp.edu.mx Edwin Amílcar Palomo SulubSubdirector Académicosubdireccion.academica@crenfcp.edu.mx Luis Eduardo Quintal RiveroSubdirector Administrativosubdireccion.administrativa@crenfcp.edu.mx Áreas sustantivas Ariadna Jhozelyn Ancona VázquezÁrea de Docenciadocencia@crenfcp.edu.mx Eduardo Ariel Herrera ÁvilaÁrea de Investigacióninvestigacion@crenfcp.edu.mx Gabriela Sánchez MartínÁrea de Difusióndifusion@crenfcp.edu.mx Oficinas Leydi Yolanda Chan TunControl Escolarcontrol.escolar@crenfcp.edu.mx Sara Antonia Gómez MisFinanzasrecursos.financieros@crenfcp.edu.mx</p>
