{"id":280,"date":"2026-03-17T13:32:52","date_gmt":"2026-03-17T13:32:52","guid":{"rendered":"https:\/\/crenfcp.edu.mx\/web\/?page_id=280"},"modified":"2026-03-17T13:40:36","modified_gmt":"2026-03-17T13:40:36","slug":"convocatoria-para-el-ciclo-escolar-2026-2027","status":"publish","type":"page","link":"https:\/\/crenfcp.edu.mx\/web\/convocatoria-para-el-ciclo-escolar-2026-2027\/","title":{"rendered":"Convocatoria para el ciclo escolar 2026 - 2027"},"content":{"rendered":"\n<p><strong>Solicita informaci\u00f3n adicional en el tel\u00e9fono<\/strong><br>(983) 210-1685<\/p>\n\n\n\n<p><strong>Correo electr\u00f3nico<\/strong><br><a href=\"mailto:contacto@crenfcp.edu.mx\" target=\"_blank\" rel=\"noreferrer noopener\">contacto@crenfcp.edu.mx<\/a><\/p>\n\n\n\n<p><a href=\"https:\/\/www.facebook.com\/share\/1AUVQXavPu\/\" target=\"_blank\" rel=\"noreferrer noopener\">Normal Preescolar @ Facebook<\/a>\u00a0| Cont\u00e1ctanos por\u00a0<a href=\"https:\/\/api.whatsapp.com\/send\/?phone=9832101685\" target=\"_blank\" rel=\"noreferrer noopener\"><strong>WhatsApp<\/strong><\/a><br><\/p>\n\n\n\n<div data-wp-interactive=\"core\/file\" class=\"wp-block-file\"><object data-wp-bind--hidden=\"!state.hasPdfPreview\" hidden class=\"wp-block-file__embed\" data=\"https:\/\/crenfcp.edu.mx\/web\/wp-content\/uploads\/2026\/03\/Convocatoria-Escuelas-Normales-2026.pdf\" type=\"application\/pdf\" style=\"width:100%;height:600px\" aria-label=\"Incrustado de Convocatoria-Escuelas-Normales-2026.\"><\/object><a id=\"wp-block-file--media-38ceeb0a-5343-4455-847f-2126cb46b697\" href=\"https:\/\/crenfcp.edu.mx\/web\/wp-content\/uploads\/2026\/03\/Convocatoria-Escuelas-Normales-2026.pdf\">Convocatoria-Escuelas-Normales-2026<\/a><a href=\"https:\/\/crenfcp.edu.mx\/web\/wp-content\/uploads\/2026\/03\/Convocatoria-Escuelas-Normales-2026.pdf\" class=\"wp-block-file__button wp-element-button\" download aria-describedby=\"wp-block-file--media-38ceeb0a-5343-4455-847f-2126cb46b697\">Descarga<\/a><\/div>\n","protected":false},"excerpt":{"rendered":"<p>Solicita informaci\u00f3n adicional en el tel\u00e9fono(983) 210-1685 Correo electr\u00f3nicocontacto@crenfcp.edu.mx Normal Preescolar @ Facebook\u00a0| Cont\u00e1ctanos por\u00a0WhatsApp<\/p>\n","protected":false},"author":1,"featured_media":0,"parent":0,"menu_order":0,"comment_status":"closed","ping_status":"closed","template":"","meta":{"_uf_show_specific_survey":0,"_uf_disable_surveys":false,"vkexunit_cta_each_option":"","footnotes":""},"class_list":["post-280","page","type-page","status-publish","hentry"],"aioseo_notices":[],"_links":{"self":[{"href":"https:\/\/crenfcp.edu.mx\/web\/wp-json\/wp\/v2\/pages\/280","targetHints":{"allow":["GET"]}}],"collection":[{"href":"https:\/\/crenfcp.edu.mx\/web\/wp-json\/wp\/v2\/pages"}],"about":[{"href":"https:\/\/crenfcp.edu.mx\/web\/wp-json\/wp\/v2\/types\/page"}],"author":[{"embeddable":true,"href":"https:\/\/crenfcp.edu.mx\/web\/wp-json\/wp\/v2\/users\/1"}],"replies":[{"embeddable":true,"href":"https:\/\/crenfcp.edu.mx\/web\/wp-json\/wp\/v2\/comments?post=280"}],"version-history":[{"count":2,"href":"https:\/\/crenfcp.edu.mx\/web\/wp-json\/wp\/v2\/pages\/280\/revisions"}],"predecessor-version":[{"id":290,"href":"https:\/\/crenfcp.edu.mx\/web\/wp-json\/wp\/v2\/pages\/280\/revisions\/290"}],"wp:attachment":[{"href":"https:\/\/crenfcp.edu.mx\/web\/wp-json\/wp\/v2\/media?parent=280"}],"curies":[{"name":"wp","href":"https:\/\/api.w.org\/{rel}","templated":true}]}}

<p><strong>Solicita información adicional en el teléfono</strong><br>(983) 210-1685</p>



<p><strong>Correo electrónico</strong><br><a href="mailto:contacto@crenfcp.edu.mx" target="_blank" rel="noreferrer noopener">contacto@crenfcp.edu.mx</a></p>



<p><a href="https://www.facebook.com/share/1AUVQXavPu/" target="_blank" rel="noreferrer noopener">Normal Preescolar @ Facebook</a> | Contáctanos por <a href="https://api.whatsapp.com/send/?phone=9832101685" target="_blank" rel="noreferrer noopener"><strong>WhatsApp</strong></a><br></p>



<div data-wp-interactive="core/file" class="wp-block-file"><object data-wp-bind--hidden="!state.hasPdfPreview" hidden class="wp-block-file__embed" data="https://crenfcp.edu.mx/web/wp-content/uploads/2026/03/Convocatoria-Escuelas-Normales-2026.pdf" type="application/pdf" style="width:100%;height:600px" aria-label="Incrustado de Convocatoria-Escuelas-Normales-2026."></object><a id="wp-block-file--media-38ceeb0a-5343-4455-847f-2126cb46b697" href="https://crenfcp.edu.mx/web/wp-content/uploads/2026/03/Convocatoria-Escuelas-Normales-2026.pdf">Convocatoria-Escuelas-Normales-2026</a><a href="https://crenfcp.edu.mx/web/wp-content/uploads/2026/03/Convocatoria-Escuelas-Normales-2026.pdf" class="wp-block-file__button wp-element-button" download aria-describedby="wp-block-file--media-38ceeb0a-5343-4455-847f-2126cb46b697">Descarga</a></div>

<p>Solicita información adicional en el teléfono(983) 210-1685 Correo electrónicocontacto@crenfcp.edu.mx Normal Preescolar @ Facebook | Contáctanos por WhatsApp</p>
