{"id":47,"date":"2024-12-27T23:14:40","date_gmt":"2024-12-27T23:14:40","guid":{"rendered":"https:\/\/crenfcp.edu.mx\/web\/?page_id=47"},"modified":"2024-12-27T23:52:59","modified_gmt":"2024-12-27T23:52:59","slug":"mision-y-vision","status":"publish","type":"page","link":"https:\/\/crenfcp.edu.mx\/web\/mision-y-vision\/","title":{"rendered":"Misi\u00f3n y visi\u00f3n"},"content":{"rendered":"\n<p><strong><span data-fontsize=\"21px\" style=\"font-size: 21px;\" class=\"vk_inline-font-size\">Misi\u00f3n<\/span><\/strong><\/p>\n\n\n\n<p>Formar licenciadas en educaci\u00f3n preescolar, de acuerdo al plan de estudios vigente que respondan a las necesidades b\u00e1sicas de aprendizaje y expectativas del nivel preescolar.<br><\/p>\n\n\n\n<p><strong><span data-fontsize=\"21px\" style=\"font-size: 21px;\" class=\"vk_inline-font-size\">Visi\u00f3n<\/span><\/strong><\/p>\n\n\n\n<p>Ser una instituci\u00f3n de educaci\u00f3n superior consolidada en la formaci\u00f3n inicial de&nbsp;profesionales de educaci\u00f3n preescolar, que organiza sus procesos basados en los principios&nbsp;de humanismo, inclusi\u00f3n e interculturalidad, con est\u00e1ndares de calidad nacionales y&nbsp;estrategias de mejora continua que permiten la profesionalizaci\u00f3n de su plantilla laboral; el&nbsp;establecimiento de programas de investigaci\u00f3n, seguimiento de egresados, tutor\u00edas,&nbsp;prevenci\u00f3n de las violencias, movilidad acad\u00e9mica, cultura lectora y f\u00edsica; la certificaci\u00f3n de&nbsp;competencias ling\u00fc\u00edsticas y la acreditaci\u00f3n de sus programas, para ofrecer una formaci\u00f3n&nbsp;de excelencia a sus estudiantes.<\/p>\n","protected":false},"excerpt":{"rendered":"<p>Misi\u00f3n Formar licenciadas en educaci\u00f3n preescolar, de acuerdo al plan de estudios vigente que respondan a las necesidades b\u00e1sicas de aprendizaje y expectativas del nivel preescolar. Visi\u00f3n Ser una instituci\u00f3n de educaci\u00f3n superior consolidada en la formaci\u00f3n inicial de&nbsp;profesionales de educaci\u00f3n preescolar, que organiza sus procesos basados en los principios&nbsp;de humanismo, inclusi\u00f3n e interculturalidad, con [&hellip;]<\/p>\n","protected":false},"author":1,"featured_media":0,"parent":0,"menu_order":0,"comment_status":"closed","ping_status":"closed","template":"","meta":{"_uf_show_specific_survey":0,"_uf_disable_surveys":false,"vkexunit_cta_each_option":"","footnotes":""},"class_list":["post-47","page","type-page","status-publish","hentry"],"aioseo_notices":[],"_links":{"self":[{"href":"https:\/\/crenfcp.edu.mx\/web\/wp-json\/wp\/v2\/pages\/47","targetHints":{"allow":["GET"]}}],"collection":[{"href":"https:\/\/crenfcp.edu.mx\/web\/wp-json\/wp\/v2\/pages"}],"about":[{"href":"https:\/\/crenfcp.edu.mx\/web\/wp-json\/wp\/v2\/types\/page"}],"author":[{"embeddable":true,"href":"https:\/\/crenfcp.edu.mx\/web\/wp-json\/wp\/v2\/users\/1"}],"replies":[{"embeddable":true,"href":"https:\/\/crenfcp.edu.mx\/web\/wp-json\/wp\/v2\/comments?post=47"}],"version-history":[{"count":4,"href":"https:\/\/crenfcp.edu.mx\/web\/wp-json\/wp\/v2\/pages\/47\/revisions"}],"predecessor-version":[{"id":57,"href":"https:\/\/crenfcp.edu.mx\/web\/wp-json\/wp\/v2\/pages\/47\/revisions\/57"}],"wp:attachment":[{"href":"https:\/\/crenfcp.edu.mx\/web\/wp-json\/wp\/v2\/media?parent=47"}],"curies":[{"name":"wp","href":"https:\/\/api.w.org\/{rel}","templated":true}]}}

Misión y visión

<p><strong><span data-fontsize="21px" style="font-size: 21px;" class="vk_inline-font-size">Misión</span></strong></p>



<p>Formar licenciadas en educación preescolar, de acuerdo al plan de estudios vigente que respondan a las necesidades básicas de aprendizaje y expectativas del nivel preescolar.<br></p>



<p><strong><span data-fontsize="21px" style="font-size: 21px;" class="vk_inline-font-size">Visión</span></strong></p>



<p>Ser una institución de educación superior consolidada en la formación inicial de&nbsp;profesionales de educación preescolar, que organiza sus procesos basados en los principios&nbsp;de humanismo, inclusión e interculturalidad, con estándares de calidad nacionales y&nbsp;estrategias de mejora continua que permiten la profesionalización de su plantilla laboral; el&nbsp;establecimiento de programas de investigación, seguimiento de egresados, tutorías,&nbsp;prevención de las violencias, movilidad académica, cultura lectora y física; la certificación de&nbsp;competencias lingüísticas y la acreditación de sus programas, para ofrecer una formación&nbsp;de excelencia a sus estudiantes.</p>

<p>Misión Formar licenciadas en educación preescolar, de acuerdo al plan de estudios vigente que respondan a las necesidades básicas de aprendizaje y expectativas del nivel preescolar. Visión Ser una institución de educación superior consolidada en la formación inicial de&nbsp;profesionales de educación preescolar, que organiza sus procesos basados en los principios&nbsp;de humanismo, inclusión e interculturalidad, con [&hellip;]</p>
